-968)/(-4) + f.
2, 3, 5
Let i be 3 - 24/20*5. Let c(h) = -3*h**3 + h**2 - h. What are the prime factors of c(i)?
3, 31
Let b be 136 + (-3 - (0 - 3)). Let i be (-6)/(-3) + 0 + 12. Suppose b = -10*p + i*p. What are the prime factors of p?
2, 17
Suppose -2*w + 144 = -922. List the prime factors of w.
13, 41
Let n(m) = -m + 12. Let k be n(13). List the prime factors of ((98/(-4))/k)/((-28)/(-112)).
2, 7
Let c be 43 + 3/((-9)/6). Let s = -8 + c. What are the prime factors of s + -2 - 18/6?
2, 7
Let b(i) be the third derivative of i**5/30 - 7*i**4/12 - 3*i**3/2 - 3*i**2. Let m be 4/(-18) + 7 + (-145)/(-45). What are the prime factors of b(m)?
3, 17
Let j = 1504 - 1105. List the prime factors of j.
3, 7, 19
Let v = 158 - 86. Suppose 2*f - v - 66 = 0. List the prime factors of f.
3, 23
Suppose 27*y - 28*y + c = -13, -3*c = 5*y - 25. What are the prime factors of y?
2
Let c = 17 + -13. Let w(r) = 2 - 2*r**2 - r - 2*r - 2*r**2 - 10*r**3 - c. List the prime factors of w(-2).
2, 17
Suppose 8*t - 2592 = -t. Suppose 2*g - 2*q = t, -g + 5*g = -q + 601. What are the prime factors of g?
149
Let y(n) = 4*n - 2. Let l be y(-2). Let j be (-5)/((-15)/(-9)) - l. What are the prime factors of (-9 + 7)*(-1 - j)?
2
Let r(h) = 2236*h**3 + 4*h**2 - 3. List the prime factors of r(1).
2237
Let y be -1 + (-687)/(-21) + (-6)/(-21). Let h = -2 + y. What are the prime factors of h?
2, 3, 5
Suppose 6*r = 5*r + 78. Suppose -4*o = g - 146, 2*o = g + g + r. Let b = -34 + o. What are the prime factors of b?
3
Let z be (-4 + 5)*2 - 23. Let y = -29 - z. List the prime factors of ((-140)/y)/(-7)*-6.
3, 5
Suppose 3*s = 4*c + 1647, -s + 2*c - 3*c = -542. What are the prime factors of s?
5, 109
Suppose 4*f - 5*d + 37 = 0, -36 = 2*f + 2*f - 4*d. Let i be 32/6*(-18)/f. Suppose -4*s + 142 + i = -2*w, 4*s - 169 = -3*w. What are the prime factors of s?
2, 5
Let r = -10 + 15. Suppose 3*y - r*s = 28, 0 = 2*y + s - 5 - 18. List the prime factors of y.
11
Let w(t) = 2*t**3 + 5*t**2 - 2*t + 3. Let r be w(-4). Let c be -82 - (3 - -6*4/(-8)). Let z = r - c. List the prime factors of z.
3, 5
List the prime factors of (1070/(-15))/((-4)/30).
5, 107
Let h = -204 + 381. What are the prime factors of (h/6 - -2)*2?
3, 7
Suppose -k - 3*y = -94 - 43, -4*k + 478 = -2*y. What are the prime factors of k?
2, 61
Suppose -5*d = -0*d + 15. Let u be 14/2 - (d - -6). Let r(f) = -f**2 + 4*f + 7. List the prime factors of r(u).
7
Let c(y) = -150*y**3 - 3*y - 3. Let h be c(-1). Let g = h - 70. List the prime factors of g.
2, 5
Let u(a) = 16*a**2 + 2*a + 9. Let w be u(4). Suppose -7*g + w + 658 = 0. List the prime factors of g.
7, 19
Suppose 2*d - 1753 - 1495 = 0. List the prime factors of d.
2, 7, 29
Let q be (272/(-5) - 1) + 102/(-170). Let i = -30 - q. List the prime factors of i.
2, 13
Suppose 4*o - 1294 = 966. What are the prime factors of (o/(-10))/(2/(-1 - 3))?
113
Let u(v) = -55*v - 50. Let m be u(5). Let q = -175 - m. List the prime factors of q.
2, 3, 5
Let j = 49 - 21. What are the prime factors of 8/j + (-24)/(-14)?
2
Suppose 10*x = -37*x + 10387. What are the prime factors of x?
13, 17
Let r(s) = 111*s - 152. What are the prime factors of r(18)?
2, 13, 71
Let d(g) = -111*g - 1332. List the prime factors of d(-35).
3, 23, 37
Let r = 1264 + -316. List the prime factors of r.
2, 3, 79
Suppose -2*r = -2*i + 176, 8*i - 3*i + r = 458. Let y = -43 - -11. Let w = y + i. What are the prime factors of w?
59
Suppose 8*f - 911 + 295 = 0. What are the prime factors of f?
7, 11
Let y(m) = 4*m**3 - 6*m + 6. Let n be y(5). Suppose 0 = 5*h - 2*x - n, -374 = h - 5*h + 5*x. Suppose -h = -9*t + 6*t. What are the prime factors of t?
2
Suppose -2*w - 3 + 37 = -3*i, 59 = 5*w - i. Suppose w + 10 = 3*b. What are the prime factors of b?
7
Let g(m) be the second derivative of m**5/10 - m**4/12 - 2*m**3/3 - 15*m. List the prime factors of g(3).
3, 11
Suppose 4*w = 21 - 5. Suppose 7*o = 3*o + w*d + 32, -3*o + d = -14. Suppose 37 = o*f - 3*u - 56, -5*f + 179 = u. List the prime factors of f.
5, 7
Suppose 0 = -j + 4*s + 27, 5*j - s + 3*s = 25. Let t(c) = c**3 - 4*c**2 - 2*c - 6. Let f be t(j). Let r = f + -80. What are the prime factors of r?
47
Suppose -5*y + 17 - 7 = 0. Suppose 8 = 2*z + y*z. Suppose -z*q + 0*q = -80. What are the prime factors of q?
2, 5
Suppose -3 - 3 = -3*u. Suppose 0 + u = -v. What are the prime factors of ((-27)/(-18))/(v/(-4))?
3
Let x(i) = -6*i**3 + i**2 + 9*i + 2. Let u be x(-2). List the prime factors of u/24*(-182)/(-3).
7, 13
Suppose -18*p + 22*p = 1152. Suppose -4*q - p = -4*i, 3*q + 74 = i - 0*i. What are the prime factors of i?
71
Let f(n) = -52*n + 50. Let u(r) = -17*r + 17. Let l(v) = -2*f(v) + 7*u(v). What are the prime factors of l(-5)?
2, 47
Let s = 1064 + -848. List the prime factors of s.
2, 3
Let g(y) = y**2 + 8*y + 14. Let b be g(-7). Suppose 0 = -4*m - b*m + 396. What are the prime factors of m?
2, 3
Let w(m) = 2*m**3 - 16*m**2 + 15*m - 7. What are the prime factors of w(8)?
113
Let g(r) = 2*r - 3. Let m be g(3). Let l(n) = 6*n - 16 - m*n + 2 - 5*n. What are the prime factors of l(-12)?
2, 5
List the prime factors of 1981*(-13)/(728/(-160)).
2, 5, 283
Let h = 11 + 1. List the prime factors of 2779/28 + (15/h)/(-5).
3, 11
Suppose 0 = -3*m - 4*n + 32, 0*m = m + 5*n - 29. Suppose 3*h - 5*h + m = 0, 5*l - 137 = -h. Suppose -13 = -x + l. List the prime factors of x.
2, 5
Let i(w) = -4 + w**3 + 0*w**3 + 15 - w**2. Let r = -61 - -61. What are the prime factors of i(r)?
11
Let t(s) be the third derivative of 13*s**5/20 - 69*s**2. Let x be 3/(-5) + (-2)/5. What are the prime factors of t(x)?
3, 13
Suppose 3*j - 26 - 10 = 0. List the prime factors of (-9)/54 + 26/j.
2
List the prime factors of (1 - -5)*226/2.
2, 3, 113
Let y(f) = -4*f - 1. Let i be y(-1). Suppose 90 = 2*t - x, -i*x - 35 = 2*t - 3*t. Let u = t + -8. List the prime factors of u.
3, 13
Suppose 411 + 469 = 4*z. Suppose 3*t - 19 = 2*b + 138, -5*t - 5*b + z = 0. What are the prime factors of t?
7
Suppose -4*m = -4*x + 116, 34 = x + 4*m - 0*m. What are the prime factors of 24/(-180) + 604/x?
2, 5
Let n = -2 + 22. List the prime factors of 1/((-20)/(-1516)) + 4/n.
2, 19
Suppose 5*q - 52 = 8. Suppose q = 6*h - 18. Suppose -h*w + 50 = -30. What are the prime factors of w?
2
Suppose 3*o + 9 = 5*q, 2*q - 1 = -5*o + 5*q. Suppose -o*z = -3*f + z, 6 = 5*f - 2*z. Let c(x) = x**3 - 3*x + 2. What are the prime factors of c(f)?
2
Suppose -91*j = -96*j + 3050. List the prime factors of j.
2, 5, 61
Let q(v) = 1013*v**2 - 3*v + 3. What are the prime factors of q(1)?
1013
Suppose -5*o + 4*p = -184, -2*o + 0*p = 4*p - 68. What are the prime factors of o/8*92/6?
3, 23
Suppose 111*b - 116*b = -11240. List the prime factors of b.
2, 281
Let g(u) = u**3 + u**2 - u + 2. Let a be g(-2). Suppose a*v = v - 5. Suppose -6 = -v*y + 4*x, -4*y + 10 - 1 = x. What are the prime factors of y?
2
Let r(x) = -2*x - 7. Let a be r(-6). Suppose 0 = -3*v + k + 374, -2*v + a*k + 96 + 136 = 0. List the prime factors of v.
2, 3, 7
Let j(n) = -n**3 + 6*n**2 - 2*n + 14. Let t be j(6). Suppose -k + 4*q - 245 = -t*k, 0 = k + q - 230. List the prime factors of k.
3, 5
Suppose q + 4 - 25 = -3*d, 0 = 3*q. Suppose -l - 3*j + 0*j = -d, 3*l - 3*j = -39. Let v(b) = -b + 3. List the prime factors of v(l).
11
Let u be 168/16*(-4)/(-3). Let c = u + -24. List the prime factors of (c/(-4))/((-3)/(-30)).
5
List the prime factors of 443 + 68/12 + (-5)/3.
3, 149
Let h(o) = 6 - 8 + 3*o + 4 + 5*o. Suppose -9 = p - 4*d, 0 = -p - 3*d + d + 9. What are the prime factors of h(p)?
2, 13
Suppose -14 + 17 = 3*i, -5*i + 3725 = 4*a. What are the prime factors of a?
2, 3, 5, 31
Let u(f) = -3*f**3 + 6*f**2 - 4*f + 1. Let t be (-6)/36 + (-51)/18. List the prime factors of u(t).
2, 37
Suppose -20*h - 72 = -22*h. Suppose 495 = -h*z + 41*z. What are the prime factors of z?
3, 11
Let s(p) = 370*p - 6. What are the prime factors of s(2)?
2, 367
Let r(t) = 163*t**3 + t**2 - 2*t + 2. Let o be r(1). Suppose 11*g - o - 386 = 0. List the prime factors of g.
2, 5
Let v = 1181 + -419. List the prime factors of v.
2, 3, 127
Let c(p) = p + 19. Let v be c(-12). Suppose v = 3*f - 14. Suppose 5*l + 2*b - 53 = 0, 3*b + b = -l + f. List the prime factors of l.
11
Suppose -2144 = -66*k + 62*k. List the prime factors of k.
2, 67
Suppo